d 16?
8
Calculate the highest common factor of 309 and 69.
3
What is the highest common divisor of 12 and 1572?
12
Calculate the greatest common factor of 588 and 14.
14
Calculate the highest common divisor of 72 and 4689.
9
What is the highest common factor of 266 and 608?
38
What is the highest common factor of 6941 and 11?
11
Calculate the greatest common divisor of 3910 and 92.
46
What is the highest common divisor of 36 and 2388?
12
What is the highest common factor of 550 and 330?
110
What is the highest common factor of 40 and 19940?
20
Calculate the highest common divisor of 6601 and 322.
161
Calculate the highest common factor of 91 and 28.
7
Calculate the highest common divisor of 56 and 1624.
56
What is the greatest common divisor of 396 and 3388?
44
Calculate the highest common factor of 1 and 5.
1
What is the highest common factor of 38 and 19?
19
What is the highest common factor of 486 and 36?
18
What is the highest common divisor of 11 and 44?
11
Calculate the greatest common factor of 851 and 37.
37
What is the greatest common factor of 847 and 154?
77
Calculate the greatest common factor of 180 and 10080.
180
Calculate the highest common divisor of 136 and 2.
2
Calculate the greatest common factor of 9 and 117.
9
What is the highest common factor of 7 and 175?
7
Calculate the greatest common factor of 1197 and 285.
57
Calculate the greatest common factor of 3366 and 68.
34
Calculate the greatest common factor of 132 and 352.
44
What is the highest common divisor of 100 and 1450?
50
What is the highest common factor of 17 and 51?
17
Calculate the greatest common factor of 108 and 1269.
27
Calculate the highest common divisor of 832 and 1568.
32
What is the greatest common divisor of 3 and 186?
3
Calculate the highest common factor of 816 and 6018.
102
What is the highest common divisor of 250 and 200?
50
Calculate the highest common divisor of 228 and 32.
4
What is the greatest common factor of 3266 and 230?
46
Calculate the highest common factor of 22 and 550.
22
What is the greatest common factor of 40 and 420?
20
Calculate the greatest common factor of 64 and 80.
16
Calculate the highest common factor of 85 and 153.
17
What is the highest common factor of 3435 and 458?
229
What is the highest common factor of 28 and 1120?
28
What is the highest common divisor of 11 and 35849?
11
What is the greatest common divisor of 204 and 24?
12
Calculate the greatest common factor of 54 and 276.
6
Calculate the greatest common divisor of 70 and 518.
14
Calculate the greatest common factor of 5 and 365.
5
Calculate the highest common factor of 323 and 17.
17
What is the greatest common factor of 6040 and 20?
20
What is the greatest common divisor of 1032 and 1176?
24
Calculate the highest common divisor of 20 and 44.
4
Calculate the highest common factor of 21 and 7.
7
What is the highest common factor of 38 and 133?
19
What is the greatest common factor of 216 and 27?
27
Calculate the highest common divisor of 97036 and 68.
68
Calculate the highest common factor of 165 and 645.
15
What is the greatest common factor of 210 and 135?
15
Calculate the highest common factor of 16 and 200.
8
Calculate the greatest common divisor of 247 and 190.
19
What is the greatest common divisor of 22 and 4642?
22
Calculate the highest common factor of 133 and 231.
7
What is the greatest common divisor of 1007 and 76?
19
Calculate the greatest common divisor of 18356 and 13.
13
What is the highest common factor of 1071 and 5151?
51
What is the highest common factor of 5 and 265?
5
What is the greatest common divisor of 14 and 12320?
14
Calculate the highest common factor of 324 and 25434.
162
What is the highest common divisor of 1510 and 10?
10
Calculate the greatest common factor of 2 and 22.
2
Calculate the highest common factor of 2726 and 141.
47
What is the greatest common divisor of 202 and 31714?
202
What is the highest common factor of 195 and 11856?
39
What is the highest common divisor of 148 and 108?
4
What is the greatest common factor of 407 and 1067?
11
Calculate the greatest common divisor of 920 and 5290.
230
Calculate the greatest common divisor of 9 and 33.
3
What is the highest common divisor of 202 and 1313?
101
What is the greatest common factor of 195 and 1040?
65
What is the highest common divisor of 10 and 8020?
10
Calculate the highest common factor of 189 and 54.
27
What is the greatest common factor of 289 and 34?
17
Calculate the highest common divisor of 1376 and 86.
86
Calculate the highest common factor of 870 and 232.
58
Calculate the highest common divisor of 988 and 104.
52
Calculate the greatest common factor of 155 and 15.
5
What is the greatest common divisor of 228 and 648?
12
What is the greatest common divisor of 162 and 72?
18
What is the highest common factor of 7 and 56?
7
Calculate the highest common divisor of 2080 and 455.
65
What is the highest common divisor of 79 and 5?
1
Calculate the greatest common factor of 8 and 44.
4
What is the greatest common divisor of 90 and 1110?
30
What is the greatest common divisor of 749 and 963?
107
Calculate the greatest common factor of 273 and 429.
39
Calculate the highest common divisor of 69 and 92.
23
What is the greatest common divisor of 342 and 36?
18
Calculate the highest common factor of 62 and 434.
62
Calculate the greatest common divisor of 3 and 21.
3
Calculate the highest common divisor of 32107 and 97.
97
What is the highest common divisor of 325 and 875?
25
Calculate the highest common divisor of 1537 and 58.
29
What is the highest common factor of 21 and 9513?
21
What is the greatest common divisor of 9399 and 39?
39
What is the greatest common factor of 2842 and 14?
14
Calculate the greatest common divisor of 141 and 893.
47
What is the highest common factor of 2654 and 4?
2
Calculate the greatest common divisor of 88 and 374.
22
What is the greatest common factor of 48 and 256?
16
Calculate the greatest common divisor of 80 and 320.
80
Calculate the greatest common factor of 6226 and 44.
22
What is the greatest common divisor of 8 and 79?
1
Calculate the greatest common divisor of 40 and 6280.
40
What is the highest common divisor of 85176 and 42?
42
What is the greatest common factor of 1365 and 840?
105
What is the highest common factor of 6 and 102?
6
What is the highest common factor of 43965 and 45?
45
Calculate the greatest common divisor of 14 and 3242.
2
Calculate the greatest common divisor of 286 and 208.
26
Calculate the greatest common divisor of 37 and 3737.
37
Calculate the highest common factor of 332 and 8134.
166
What is the greatest common divisor of 2307 and 6?
3
Calculate the highest common factor of 2 and 642.
2
What is the highest common divisor of 12871 and 633?
211
What is the greatest common factor of 4 and 20?
4
Calculate the greatest common divisor of 580 and 20.
20
Calculate the highest common factor of 144 and 80.
16
Calculate the greatest common divisor of 3 and 23.
1
What is the highest common divisor of 224 and 35?
7
What is the greatest common divisor of 16 and 6704?
16
Calculate the greatest common divisor of 87 and 203.
29
What is the highest common divisor of 22 and 374?
22
Calculate the highest common factor of 26 and 585.
13
What is the greatest common divisor of 33 and 6501?
33
Calculate the highest common factor of 400 and 16.
16
Calculate the highest common divisor of 16 and 248.
8
Calculate the greatest common factor of 8 and 698.
2
Calculate the highest common factor of 28 and 14.
14
Calculate the highest common divisor of 384 and 216.
24
Calculate the highest common factor of 496 and 720.
16
What is the highest common divisor of 1575 and 70?
35
Calculate the highest common divisor of 416 and 96.
32
What is the highest common factor of 3247 and 34?
17
Calculate the greatest common divisor of 435 and 225.
15
Calculate the highest common divisor of 765 and 30.
15
What is the highest common factor of 63488 and 31?
31
What is the highest common factor of 195 and 455?
65
Calculate the greatest common factor of 36954 and 18.
18
What is the highest common divisor of 11 and 1067?
11
Calculate the highest common divisor of 852 and 12.
12
Calculate the greatest common divisor of 4760 and 84.
28
What is the greatest c